{"id":377,"date":"2023-07-05T09:54:52","date_gmt":"2023-07-05T09:54:52","guid":{"rendered":"https:\/\/deveuskadi.fundacionvass.org\/?page_id=377"},"modified":"2026-03-05T11:13:38","modified_gmt":"2026-03-05T11:13:38","slug":"acceso-campus","status":"publish","type":"page","link":"https:\/\/deveuskadi.fundacionvass.org\/index.php\/lanbide\/acceso-campus\/","title":{"rendered":"acceso-campus"},"content":{"rendered":"<p>[et_pb_section fb_built=\u00bb1&#8243; disabled_on=\u00bbon|on|on\u00bb module_class=\u00bbseccion_cabecera\u00bb _builder_version=\u00bb4.17.4&#8243; _module_preset=\u00bbdefault\u00bb custom_margin=\u00bb0px||0px||true|false\u00bb custom_padding=\u00bb0px||0px||true|false\u00bb disabled=\u00bbon\u00bb global_colors_info=\u00bb{}\u00bb][et_pb_row column_structure=\u00bb3_5,2_5&#8243; module_class=\u00bbmenu_columns\u00bb _builder_version=\u00bb4.17.4&#8243; _module_preset=\u00bbdefault\u00bb width=\u00bb90%\u00bb max_width=\u00bb94%\u00bb module_alignment=\u00bbcenter\u00bb custom_margin=\u00bb5px||5px||true|false\u00bb custom_padding=\u00bb0px||0px||true|false\u00bb global_colors_info=\u00bb{}\u00bb custom_css_main_element_last_edited=\u00bbon|tablet\u00bb custom_css_main_element_tablet=\u00bbdisplay:flex;\u00bb custom_css_main_element_phone=\u00bbdisplay:flex;\u00bb][et_pb_column type=\u00bb3_5&#8243; module_class=\u00bbcolumna_logos\u00bb _builder_version=\u00bb4.17.4&#8243; _module_preset=\u00bbdefault\u00bb global_colors_info=\u00bb{}\u00bb][et_pb_image src=\u00bbhttps:\/\/deveuskadi.fundacionvass.org\/wp-content\/uploads\/2022\/07\/developers-logo.svg\u00bb title_text=\u00bbDevelopers from Euskadi\u00bb _builder_version=\u00bb4.17.4&#8243; _module_preset=\u00bbdefault\u00bb custom_margin=\u00bb23px|24px|20px|10px|false|false\u00bb custom_css_main_element=\u00bbfloat:left;\u00bb global_colors_info=\u00bb{}\u00bb][\/et_pb_image][et_pb_image src=\u00bbhttps:\/\/deveuskadi.fundacionvass.org\/wp-content\/uploads\/2022\/07\/lanbide-logo.svg\u00bb title_text=\u00bblanbide logo\u00bb _builder_version=\u00bb4.17.4&#8243; _module_preset=\u00bbdefault\u00bb custom_margin=\u00bb20px|10px|20px|10px|true|true\u00bb global_colors_info=\u00bb{}\u00bb][\/et_pb_image][\/et_pb_column][et_pb_column type=\u00bb2_5&#8243; module_class=\u00bbcolumna_menu\u00bb _builder_version=\u00bb4.17.4&#8243; _module_preset=\u00bbdefault\u00bb global_colors_info=\u00bb{}\u00bb][et_pb_menu menu_style=\u00bbinline_centered_logo\u00bb module_class=\u00bbtop_menu\u00bb _builder_version=\u00bb4.17.4&#8243; _module_preset=\u00bbdefault\u00bb background_color=\u00bbRGBA(255,255,255,0)\u00bb global_colors_info=\u00bb{}\u00bb custom_css_main_element_last_edited=\u00bbon|tablet\u00bb custom_css_main_element_tablet=\u00bbfloat:right;\u00bb custom_css_main_element_phone=\u00bbfloat:right;\u00bb][\/et_pb_menu][\/et_pb_column][\/et_pb_row][\/et_pb_section][et_pb_section fb_built=\u00bb1&#8243; admin_label=\u00bbCabecera\u00bb module_class=\u00bbcabecera_lanbide\u00bb _builder_version=\u00bb4.17.4&#8243; _module_preset=\u00bbdefault\u00bb background_image=\u00bbhttps:\/\/deveuskadi.fundacionvass.org\/wp-content\/uploads\/2022\/07\/top.jpg\u00bb custom_margin=\u00bb0px|0px|0px|0px|true|true\u00bb custom_padding=\u00bb120px|0px||0px|false|true\u00bb background_last_edited=\u00bbon|phone\u00bb background_image_phone=\u00bbhttps:\/\/deveuskadi.fundacionvass.org\/wp-content\/uploads\/2022\/07\/top_reducida.jpg\u00bb background_enable_image_phone=\u00bbon\u00bb background_size_phone=\u00bbcover\u00bb background_image_width_phone=\u00bb50%\u00bb background_image_height_phone=\u00bb50%\u00bb background_position_tablet=\u00bbcenter_right\u00bb background_position_phone=\u00bbcenter_left\u00bb background_vertical_offset_phone=\u00bb0%\u00bb box_shadow_style=\u00bbpreset3&#8243; box_shadow_blur=\u00bb9px\u00bb box_shadow_color=\u00bbrgba(0,0,0,0.2)\u00bb global_colors_info=\u00bb{}\u00bb][et_pb_row _builder_version=\u00bb4.17.4&#8243; _module_preset=\u00bbdefault\u00bb width=\u00bb1400px\u00bb max_width=\u00bb80%\u00bb animation_style=\u00bbfade\u00bb global_colors_info=\u00bb{}\u00bb][et_pb_column type=\u00bb4_4&#8243; _builder_version=\u00bb4.17.4&#8243; _module_preset=\u00bbdefault\u00bb global_colors_info=\u00bb{}\u00bb][et_pb_text _builder_version=\u00bb4.17.4&#8243; _module_preset=\u00bbdefault\u00bb text_text_color=\u00bb#FFFFFF\u00bb header_text_color=\u00bb#FFFFFF\u00bb header_2_font=\u00bb|700|||||||\u00bb header_2_text_color=\u00bb#FFFFFF\u00bb header_2_font_size=\u00bb36px\u00bb header_3_text_color=\u00bb#FFFFFF\u00bb header_3_font_size=\u00bb30px\u00bb global_colors_info=\u00bb{}\u00bb]<\/p>\n<h2>Programa Developers from Euskadi (IA)<\/h2>\n<h3>Formaci\u00f3n puntera y pr\u00e1ctica en el \u00e1mbito digital<\/h3>\n<p>[\/et_pb_text][\/et_pb_column][\/et_pb_row][\/et_pb_section][et_pb_section fb_built=\u00bb1&#8243; admin_label=\u00bbTestominals\u00bb _builder_version=\u00bb4.16&#8243; background_enable_color=\u00bboff\u00bb background_size=\u00bbinitial\u00bb background_position=\u00bbtop_left\u00bb custom_padding=\u00bb20px|0px|7px|0px|false|false\u00bb saved_tabs=\u00bball\u00bb locked=\u00bboff\u00bb collapsed=\u00bboff\u00bb global_colors_info=\u00bb{}\u00bb][et_pb_row _builder_version=\u00bb4.16&#8243; _module_preset=\u00bbdefault\u00bb width=\u00bb90%\u00bb custom_margin=\u00bb20px||20px||true|false\u00bb global_colors_info=\u00bb{}\u00bb][et_pb_column type=\u00bb4_4&#8243; _builder_version=\u00bb4.16&#8243; _module_preset=\u00bbdefault\u00bb global_colors_info=\u00bb{}\u00bb][et_pb_text _builder_version=\u00bb4.17.4&#8243; _module_preset=\u00bbdefault\u00bb text_line_height=\u00bb1.5em\u00bb global_colors_info=\u00bb{}\u00bb]<\/p>\n<h1 style=\"text-align: center;\">Sustapen honetarako kanpusa urrian irekiko da!<\/h1>\n<p>_______________________________________________________________________________________________________________________________________________________________<\/p>\n<h1 style=\"text-align: center;\">El campus para esta promoci\u00f3n se abrir\u00e1 en marzo<\/h1>\n<p>&nbsp;<\/p>\n<p>&nbsp;<\/p>\n<p>[\/et_pb_text][et_pb_button button_url=\u00bbhttps:\/\/deveuskadi.fundacionvass.org\/\u00bb button_text=\u00bbVuelve a p\u00e1gina principal\u00bb button_alignment=\u00bbcenter\u00bb _builder_version=\u00bb4.17.4&#8243; _module_preset=\u00bbdefault\u00bb global_colors_info=\u00bb{}\u00bb][\/et_pb_button][\/et_pb_column][\/et_pb_row][\/et_pb_section][et_pb_section fb_built=\u00bb1&#8243; _builder_version=\u00bb4.17.4&#8243; _module_preset=\u00bbdefault\u00bb background_color=\u00bb#f2f2f2&#8243; custom_margin=\u00bb0px||0px||true|false\u00bb custom_padding=\u00bb20px||20px||true|false\u00bb global_module=\u00bb266&#8243; global_colors_info=\u00bb{}\u00bb][et_pb_row _builder_version=\u00bb4.17.4&#8243; _module_preset=\u00bbdefault\u00bb custom_padding=\u00bb5px|||||\u00bb global_colors_info=\u00bb{}\u00bb][et_pb_column type=\u00bb4_4&#8243; _builder_version=\u00bb4.17.4&#8243; _module_preset=\u00bbdefault\u00bb global_colors_info=\u00bb{}\u00bb][et_pb_text _builder_version=\u00bb4.17.4&#8243; _module_preset=\u00bbdefault\u00bb text_font=\u00bb||||||||\u00bb text_line_height=\u00bb2em\u00bb width=\u00bb80%\u00bb max_width=\u00bb800%\u00bb module_alignment=\u00bbcenter\u00bb global_colors_info=\u00bb{}\u00bb]<\/p>\n<p style=\"text-align: center;\">Copyright \u00a9 2026 Todos los derechos reservados<br \/><a href=\"https:\/\/deveuskadi.fundacionvass.org\/index.php\/politica-de-privacidad\/\" rel=\"noopener\">Pol\u00edtica de Privacidad<\/a> \/ <a href=\"https:\/\/deveuskadi.fundacionvass.org\/index.php\/politica-de-cookies\/\" rel=\"noopener\">Pol\u00edtica de Cookies<\/a> \/ <a href=\"https:\/\/deveuskadi.fundacionvass.org\/index.php\/terminos-y-condiciones\/\" rel=\"noopener\">T\u00e9rminos y Condiciones<\/a><\/p>\n<p>[\/et_pb_text][\/et_pb_column][\/et_pb_row][\/et_pb_section][et_pb_section fb_built=\u00bb1&#8243; _builder_version=\u00bb4.17.4&#8243; _module_preset=\u00bbdefault\u00bb custom_margin=\u00bb0px||0px||true|false\u00bb custom_padding=\u00bb24px||24px||true|false\u00bb global_colors_info=\u00bb{}\u00bb][et_pb_row _builder_version=\u00bb4.17.4&#8243; _module_preset=\u00bbdefault\u00bb global_colors_info=\u00bb{}\u00bb][et_pb_column type=\u00bb4_4&#8243; _builder_version=\u00bb4.17.4&#8243; _module_preset=\u00bbdefault\u00bb global_colors_info=\u00bb{}\u00bb][et_pb_image src=\u00bbhttps:\/\/deveuskadi.fundacionvass.org\/wp-content\/uploads\/2022\/07\/euskadi-bottom.png\u00bb alt=\u00bbeuskadi, bien com\u00fan\u00bb title_text=\u00bbeuskadi bottom\u00bb align=\u00bbcenter\u00bb _builder_version=\u00bb4.17.4&#8243; _module_preset=\u00bbdefault\u00bb global_colors_info=\u00bb{}\u00bb][\/et_pb_image][\/et_pb_column][\/et_pb_row][\/et_pb_section]<\/p>\n","protected":false},"excerpt":{"rendered":"<p>Programa Developers from Euskadi (IA) Formaci\u00f3n puntera y pr\u00e1ctica en el \u00e1mbito digitalSustapen honetarako kanpusa urrian irekiko da! _______________________________________________________________________________________________________________________________________________________________ El campus para esta promoci\u00f3n se abrir\u00e1 en marzo &nbsp; &nbsp;Copyright \u00a9 2026 Todos los derechos reservadosPol\u00edtica de Privacidad \/ Pol\u00edtica de Cookies \/ T\u00e9rminos y Condiciones<\/p>\n","protected":false},"author":2,"featured_media":0,"parent":7,"menu_order":0,"comment_status":"closed","ping_status":"closed","template":"","meta":{"_et_pb_use_builder":"on","_et_pb_old_content":"","_et_gb_content_width":"","inline_featured_image":false},"_links":{"self":[{"href":"https:\/\/deveuskadi.fundacionvass.org\/index.php\/wp-json\/wp\/v2\/pages\/377"}],"collection":[{"href":"https:\/\/deveuskadi.fundacionvass.org\/index.php\/wp-json\/wp\/v2\/pages"}],"about":[{"href":"https:\/\/deveuskadi.fundacionvass.org\/index.php\/wp-json\/wp\/v2\/types\/page"}],"author":[{"embeddable":true,"href":"https:\/\/deveuskadi.fundacionvass.org\/index.php\/wp-json\/wp\/v2\/users\/2"}],"replies":[{"embeddable":true,"href":"https:\/\/deveuskadi.fundacionvass.org\/index.php\/wp-json\/wp\/v2\/comments?post=377"}],"version-history":[{"count":3,"href":"https:\/\/deveuskadi.fundacionvass.org\/index.php\/wp-json\/wp\/v2\/pages\/377\/revisions"}],"predecessor-version":[{"id":866,"href":"https:\/\/deveuskadi.fundacionvass.org\/index.php\/wp-json\/wp\/v2\/pages\/377\/revisions\/866"}],"up":[{"embeddable":true,"href":"https:\/\/deveuskadi.fundacionvass.org\/index.php\/wp-json\/wp\/v2\/pages\/7"}],"wp:attachment":[{"href":"https:\/\/deveuskadi.fundacionvass.org\/index.php\/wp-json\/wp\/v2\/media?parent=377"}],"curies":[{"name":"wp","href":"https:\/\/api.w.org\/{rel}","templated":true}]}}